[INFO] cloning repository https://github.com/Riey/qni-os
[INFO] running `Command { std: "git" "-c" "credential.helper=" "-c" "credential.helper=/workspace/cargo-home/bin/git-credential-null" "clone" "--bare" "https://github.com/Riey/qni-os" "/workspace/cache/git-repos/https%3A%2F%2Fgithub.com%2FRiey%2Fqni-os", kill_on_drop: false }`
[INFO] [stderr] Cloning into bare repository '/workspace/cache/git-repos/https%3A%2F%2Fgithub.com%2FRiey%2Fqni-os'...
[INFO] running `Command { std: "git" "rev-parse" "HEAD", kill_on_drop: false }`
[INFO] [stdout] 4fd98d6beccf3ca4fbb4fe104553ba68a552bacf
[INFO] checking Riey/qni-os against master#e6e4f7ed1589e03bc2f6c5931c1a72e7947e8682 for beta-170-4
[INFO] running `Command { std: "git" "clone" "/workspace/cache/git-repos/https%3A%2F%2Fgithub.com%2FRiey%2Fqni-os" "/workspace/builds/worker-1-tc2/source", kill_on_drop: false }`
[INFO] [stderr] Cloning into '/workspace/builds/worker-1-tc2/source'...
[INFO] [stderr] done.
[INFO] validating manifest of git repo https://github.com/Riey/qni-os on toolchain e6e4f7ed1589e03bc2f6c5931c1a72e7947e8682
[INFO] running `Command { std: CARGO_HOME="/workspace/cargo-home" RUSTUP_HOME="/workspace/rustup-home" "/workspace/cargo-home/bin/cargo" "+e6e4f7ed1589e03bc2f6c5931c1a72e7947e8682" "metadata" "--manifest-path" "Cargo.toml" "--no-deps", kill_on_drop: false }`
[INFO] started tweaking git repo https://github.com/Riey/qni-os
[INFO] finished tweaking git repo https://github.com/Riey/qni-os
[INFO] tweaked toml for git repo https://github.com/Riey/qni-os written to /workspace/builds/worker-1-tc2/source/Cargo.toml
[INFO] crate git repo https://github.com/Riey/qni-os already has a lockfile, it will not be regenerated
[INFO] running `Command { std: CARGO_HOME="/workspace/cargo-home" RUSTUP_HOME="/workspace/rustup-home" "/workspace/cargo-home/bin/cargo" "+e6e4f7ed1589e03bc2f6c5931c1a72e7947e8682" "fetch" "--manifest-path" "Cargo.toml", kill_on_drop: false }`
[INFO] running `Command { std: "docker" "create" "-v" "/var/lib/crater-agent-workspace/builds/worker-1-tc2/target:/opt/rustwide/target:rw,Z" "-v" "/var/lib/crater-agent-workspace/builds/worker-1-tc2/source:/opt/rustwide/workdir:ro,Z" "-v" "/var/lib/crater-agent-workspace/cargo-home:/opt/rustwide/cargo-home:ro,Z" "-v" "/var/lib/crater-agent-workspace/rustup-home:/opt/rustwide/rustup-home:ro,Z" "-e" "SOURCE_DIR=/opt/rustwide/workdir" "-e" "CARGO_TARGET_DIR=/opt/rustwide/target" "-e" "CARGO_HOME=/opt/rustwide/cargo-home" "-e" "RUSTUP_HOME=/opt/rustwide/rustup-home" "-w" "/opt/rustwide/workdir" "-m" "1610612736" "--user" "0:0" "--network" "none" "ghcr.io/rust-lang/crates-build-env/linux@sha256:19e73879b68f455e41552ea35293514db52ea292d993f571636dbffedb77a1ee" "/opt/rustwide/cargo-home/bin/cargo" "+e6e4f7ed1589e03bc2f6c5931c1a72e7947e8682" "metadata" "--no-deps" "--format-version=1", kill_on_drop: false }`
[INFO] [stdout] eca500318a22fca1799a04ac84427780f11d3d503dd6541dc31f22601cf9fc2e
[INFO] running `Command { std: "docker" "start" "-a" "eca500318a22fca1799a04ac84427780f11d3d503dd6541dc31f22601cf9fc2e", kill_on_drop: false }`
[INFO] running `Command { std: "docker" "inspect" "eca500318a22fca1799a04ac84427780f11d3d503dd6541dc31f22601cf9fc2e", kill_on_drop: false }`
[INFO] running `Command { std: "docker" "rm" "-f" "eca500318a22fca1799a04ac84427780f11d3d503dd6541dc31f22601cf9fc2e", kill_on_drop: false }`
[INFO] [stdout] eca500318a22fca1799a04ac84427780f11d3d503dd6541dc31f22601cf9fc2e
[INFO] running `Command { std: "docker" "create" "-v" "/var/lib/crater-agent-workspace/builds/worker-1-tc2/target:/opt/rustwide/target:rw,Z" "-v" "/var/lib/crater-agent-workspace/builds/worker-1-tc2/source:/opt/rustwide/workdir:ro,Z" "-v" "/var/lib/crater-agent-workspace/cargo-home:/opt/rustwide/cargo-home:ro,Z" "-v" "/var/lib/crater-agent-workspace/rustup-home:/opt/rustwide/rustup-home:ro,Z" "-e" "SOURCE_DIR=/opt/rustwide/workdir" "-e" "CARGO_TARGET_DIR=/opt/rustwide/target" "-e" "CARGO_INCREMENTAL=0" "-e" "RUST_BACKTRACE=full" "-e" "RUSTFLAGS=--cap-lints=forbid" "-e" "RUSTDOCFLAGS=--cap-lints=forbid" "-e" "CARGO_HOME=/opt/rustwide/cargo-home" "-e" "RUSTUP_HOME=/opt/rustwide/rustup-home" "-w" "/opt/rustwide/workdir" "-m" "1610612736" "--user" "0:0" "--network" "none" "ghcr.io/rust-lang/crates-build-env/linux@sha256:19e73879b68f455e41552ea35293514db52ea292d993f571636dbffedb77a1ee" "/opt/rustwide/cargo-home/bin/cargo" "+e6e4f7ed1589e03bc2f6c5931c1a72e7947e8682" "check" "--frozen" "--all" "--all-targets" "--message-format=json", kill_on_drop: false }`
[INFO] [stdout] 53629fdee13a80a9faee46c65114a685b218bf8e61ea4be875d5c02e14a68a80
[INFO] running `Command { std: "docker" "start" "-a" "53629fdee13a80a9faee46c65114a685b218bf8e61ea4be875d5c02e14a68a80", kill_on_drop: false }`
[INFO] [stderr]    Compiling proc-macro2 v0.4.27
[INFO] [stderr]    Compiling unicode-xid v0.1.0
[INFO] [stderr]    Compiling syn v0.15.29
[INFO] [stderr]     Checking bitflags v1.0.4
[INFO] [stderr]     Checking cfg-if v0.1.7
[INFO] [stderr]     Checking ucs2 v0.1.0
[INFO] [stderr]     Checking usize_conversions v0.2.0
[INFO] [stderr]     Checking os_bootinfo v0.2.1
[INFO] [stderr]     Checking ux v0.1.3
[INFO] [stderr]     Checking bit_field v0.9.0
[INFO] [stderr]     Checking log v0.4.6
[INFO] [stderr]     Checking rlibc v1.0.0
[INFO] [stderr]    Compiling quote v0.6.11
[INFO] [stderr]    Compiling uefi-macros v0.1.0 (https://github.com/rust-osdev/uefi-rs#f50215ec)
[INFO] [stderr]     Checking uefi v0.1.0 (https://github.com/rust-osdev/uefi-rs#f50215ec)
[INFO] [stdout] error[E0557]: feature has been removed
[INFO] [stdout]   --> /opt/rustwide/cargo-home/git/checkouts/uefi-rs-f0a06b7c1e31b7b0/f50215e/src/lib.rs:26:12
[INFO] [stdout]    |
[INFO] [stdout] 26 | #![feature(optin_builtin_traits)]
[INFO] [stdout]    |            ^^^^^^^^^^^^^^^^^^^^ feature has been removed
[INFO] [stdout]    |
[INFO] [stdout]    = note: renamed to `auto_traits`
[INFO] [stdout] 
[INFO] [stdout] 
[INFO] [stdout] error[E0557]: feature has been removed
[INFO] [stdout]   --> /opt/rustwide/cargo-home/git/checkouts/uefi-rs-f0a06b7c1e31b7b0/f50215e/src/lib.rs:26:12
[INFO] [stdout]    |
[INFO] [stdout] 26 | #![feature(optin_builtin_traits)]
[INFO] [stdout]    |            ^^^^^^^^^^^^^^^^^^^^ feature has been removed
[INFO] [stdout]    |
[INFO] [stdout]    = note: renamed to `auto_traits`
[INFO] [stdout] 
[INFO] [stdout] 
[INFO] [stdout] error[E0437]: type `Ok` is not a member of trait `ops::Try`
[INFO] [stdout]    --> /opt/rustwide/cargo-home/git/checkouts/uefi-rs-f0a06b7c1e31b7b0/f50215e/src/result/status.rs:175:5
[INFO] [stdout]     |
[INFO] [stdout] 175 |     type Ok = Completion<()>;
[INFO] [stdout]     |     ^^^^^^^^^^^^^^^^^^^^^^^^^ not a member of trait `ops::Try`
[INFO] [stdout] 
[INFO] [stdout] 
[INFO] [stdout] error[E0437]: type `Error` is not a member of trait `ops::Try`
[INFO] [stdout]    --> /opt/rustwide/cargo-home/git/checkouts/uefi-rs-f0a06b7c1e31b7b0/f50215e/src/result/status.rs:176:5
[INFO] [stdout]     |
[INFO] [stdout] 176 |     type Error = Error<()>;
[INFO] [stdout]     |     ^^^^^^^^^^^^^^^^^^^^^^^ not a member of trait `ops::Try`
[INFO] [stdout] 
[INFO] [stdout] 
[INFO] [stdout] error[E0407]: method `into_result` is not a member of trait `ops::Try`
[INFO] [stdout]    --> /opt/rustwide/cargo-home/git/checkouts/uefi-rs-f0a06b7c1e31b7b0/f50215e/src/result/status.rs:178:5
[INFO] [stdout]     |
[INFO] [stdout] 178 | /     fn into_result(self) -> Result<(), ()> {
[INFO] [stdout] 179 | |         self.into()
[INFO] [stdout] 180 | |     }
[INFO] [stdout]     | |_____^ not a member of trait `ops::Try`
[INFO] [stdout] 
[INFO] [stdout] 
[INFO] [stdout] error[E0407]: method `from_error` is not a member of trait `ops::Try`
[INFO] [stdout]    --> /opt/rustwide/cargo-home/git/checkouts/uefi-rs-f0a06b7c1e31b7b0/f50215e/src/result/status.rs:182:5
[INFO] [stdout]     |
[INFO] [stdout] 182 | /     fn from_error(error: Self::Error) -> Self {
[INFO] [stdout] 183 | |         error.status()
[INFO] [stdout] 184 | |     }
[INFO] [stdout]     | |_____^ not a member of trait `ops::Try`
[INFO] [stdout] 
[INFO] [stdout] 
[INFO] [stdout] error[E0407]: method `from_ok` is not a member of trait `ops::Try`
[INFO] [stdout]    --> /opt/rustwide/cargo-home/git/checkouts/uefi-rs-f0a06b7c1e31b7b0/f50215e/src/result/status.rs:186:5
[INFO] [stdout]     |
[INFO] [stdout] 186 | /     fn from_ok(ok: Self::Ok) -> Self {
[INFO] [stdout] 187 | |         ok.status()
[INFO] [stdout] 188 | |     }
[INFO] [stdout]     | |_____^ not a member of trait `ops::Try`
[INFO] [stdout] 
[INFO] [stdout] 
[INFO] [stdout] error[E0437]: type `Ok` is not a member of trait `ops::Try`
[INFO] [stdout]    --> /opt/rustwide/cargo-home/git/checkouts/uefi-rs-f0a06b7c1e31b7b0/f50215e/src/result/status.rs:175:5
[INFO] [stdout]     |
[INFO] [stdout] 175 |     type Ok = Completion<()>;
[INFO] [stdout]     |     ^^^^^^^^^^^^^^^^^^^^^^^^^ not a member of trait `ops::Try`
[INFO] [stdout] 
[INFO] [stdout] 
[INFO] [stdout] error[E0437]: type `Error` is not a member of trait `ops::Try`
[INFO] [stdout]    --> /opt/rustwide/cargo-home/git/checkouts/uefi-rs-f0a06b7c1e31b7b0/f50215e/src/result/status.rs:176:5
[INFO] [stdout]     |
[INFO] [stdout] 176 |     type Error = Error<()>;
[INFO] [stdout]     |     ^^^^^^^^^^^^^^^^^^^^^^^ not a member of trait `ops::Try`
[INFO] [stdout] 
[INFO] [stdout] 
[INFO] [stdout] error[E0407]: method `into_result` is not a member of trait `ops::Try`
[INFO] [stdout]    --> /opt/rustwide/cargo-home/git/checkouts/uefi-rs-f0a06b7c1e31b7b0/f50215e/src/result/status.rs:178:5
[INFO] [stdout]     |
[INFO] [stdout] 178 | /     fn into_result(self) -> Result<(), ()> {
[INFO] [stdout] 179 | |         self.into()
[INFO] [stdout] 180 | |     }
[INFO] [stdout]     | |_____^ not a member of trait `ops::Try`
[INFO] [stdout] 
[INFO] [stdout] 
[INFO] [stdout] error[E0407]: method `from_error` is not a member of trait `ops::Try`
[INFO] [stdout]    --> /opt/rustwide/cargo-home/git/checkouts/uefi-rs-f0a06b7c1e31b7b0/f50215e/src/result/status.rs:182:5
[INFO] [stdout]     |
[INFO] [stdout] 182 | /     fn from_error(error: Self::Error) -> Self {
[INFO] [stdout] 183 | |         error.status()
[INFO] [stdout] 184 | |     }
[INFO] [stdout]     | |_____^ not a member of trait `ops::Try`
[INFO] [stdout] 
[INFO] [stdout] 
[INFO] [stdout] error[E0407]: method `from_ok` is not a member of trait `ops::Try`
[INFO] [stdout]    --> /opt/rustwide/cargo-home/git/checkouts/uefi-rs-f0a06b7c1e31b7b0/f50215e/src/result/status.rs:186:5
[INFO] [stdout]     |
[INFO] [stdout] 186 | /     fn from_ok(ok: Self::Ok) -> Self {
[INFO] [stdout] 187 | |         ok.status()
[INFO] [stdout] 188 | |     }
[INFO] [stdout]     | |_____^ not a member of trait `ops::Try`
[INFO] [stdout] 
[INFO] [stdout] 
[INFO] [stdout] error[E0658]: negative trait bounds are not yet fully implemented; use marker types for now
[INFO] [stdout]   --> /opt/rustwide/cargo-home/git/checkouts/uefi-rs-f0a06b7c1e31b7b0/f50215e/src/proto/console/gop.rs:38:10
[INFO] [stdout]    |
[INFO] [stdout] 38 | #[derive(Protocol)]
[INFO] [stdout]    |          ^^^^^^^^
[INFO] [stdout]    |
[INFO] [stdout]    = note: see issue #68318 <https://github.com/rust-lang/rust/issues/68318> for more information
[INFO] [stdout]    = help: add `#![feature(negative_impls)]` to the crate attributes to enable
[INFO] [stdout]    = note: this error originates in the derive macro `Protocol` (in Nightly builds, run with -Z macro-backtrace for more info)
[INFO] [stdout] 
[INFO] [stdout] 
[INFO] [stdout] error[E0658]: negative trait bounds are not yet fully implemented; use marker types for now
[INFO] [stdout]   --> /opt/rustwide/cargo-home/git/checkouts/uefi-rs-f0a06b7c1e31b7b0/f50215e/src/proto/console/pointer/mod.rs:10:10
[INFO] [stdout]    |
[INFO] [stdout] 10 | #[derive(Protocol)]
[INFO] [stdout]    |          ^^^^^^^^
[INFO] [stdout]    |
[INFO] [stdout]    = note: see issue #68318 <https://github.com/rust-lang/rust/issues/68318> for more information
[INFO] [stdout]    = help: add `#![feature(negative_impls)]` to the crate attributes to enable
[INFO] [stdout]    = note: this error originates in the derive macro `Protocol` (in Nightly builds, run with -Z macro-backtrace for more info)
[INFO] [stdout] 
[INFO] [stdout] 
[INFO] [stdout] error[E0658]: negative trait bounds are not yet fully implemented; use marker types for now
[INFO] [stdout]   --> /opt/rustwide/cargo-home/git/checkouts/uefi-rs-f0a06b7c1e31b7b0/f50215e/src/proto/console/serial.rs:16:10
[INFO] [stdout]    |
[INFO] [stdout] 16 | #[derive(Protocol)]
[INFO] [stdout]    |          ^^^^^^^^
[INFO] [stdout]    |
[INFO] [stdout]    = note: see issue #68318 <https://github.com/rust-lang/rust/issues/68318> for more information
[INFO] [stdout]    = help: add `#![feature(negative_impls)]` to the crate attributes to enable
[INFO] [stdout]    = note: this error originates in the derive macro `Protocol` (in Nightly builds, run with -Z macro-backtrace for more info)
[INFO] [stdout] 
[INFO] [stdout] 
[INFO] [stdout] error[E0658]: negative trait bounds are not yet fully implemented; use marker types for now
[INFO] [stdout]  --> /opt/rustwide/cargo-home/git/checkouts/uefi-rs-f0a06b7c1e31b7b0/f50215e/src/proto/console/text/input.rs:8:10
[INFO] [stdout]   |
[INFO] [stdout] 8 | #[derive(Protocol)]
[INFO] [stdout]   |          ^^^^^^^^
[INFO] [stdout]   |
[INFO] [stdout]   = note: see issue #68318 <https://github.com/rust-lang/rust/issues/68318> for more information
[INFO] [stdout]   = help: add `#![feature(negative_impls)]` to the crate attributes to enable
[INFO] [stdout]   = note: this error originates in the derive macro `Protocol` (in Nightly builds, run with -Z macro-backtrace for more info)
[INFO] [stdout] 
[INFO] [stdout] 
[INFO] [stdout] error[E0658]: negative trait bounds are not yet fully implemented; use marker types for now
[INFO] [stdout]   --> /opt/rustwide/cargo-home/git/checkouts/uefi-rs-f0a06b7c1e31b7b0/f50215e/src/proto/console/text/output.rs:12:10
[INFO] [stdout]    |
[INFO] [stdout] 12 | #[derive(Protocol)]
[INFO] [stdout]    |          ^^^^^^^^
[INFO] [stdout]    |
[INFO] [stdout]    = note: see issue #68318 <https://github.com/rust-lang/rust/issues/68318> for more information
[INFO] [stdout]    = help: add `#![feature(negative_impls)]` to the crate attributes to enable
[INFO] [stdout]    = note: this error originates in the derive macro `Protocol` (in Nightly builds, run with -Z macro-backtrace for more info)
[INFO] [stdout] 
[INFO] [stdout] 
[INFO] [stdout] error[E0658]: negative trait bounds are not yet fully implemented; use marker types for now
[INFO] [stdout]   --> /opt/rustwide/cargo-home/git/checkouts/uefi-rs-f0a06b7c1e31b7b0/f50215e/src/proto/debug/mod.rs:18:10
[INFO] [stdout]    |
[INFO] [stdout] 18 | #[derive(Protocol)]
[INFO] [stdout]    |          ^^^^^^^^
[INFO] [stdout]    |
[INFO] [stdout]    = note: see issue #68318 <https://github.com/rust-lang/rust/issues/68318> for more information
[INFO] [stdout]    = help: add `#![feature(negative_impls)]` to the crate attributes to enable
[INFO] [stdout]    = note: this error originates in the derive macro `Protocol` (in Nightly builds, run with -Z macro-backtrace for more info)
[INFO] [stdout] 
[INFO] [stdout] 
[INFO] [stdout] error[E0658]: negative trait bounds are not yet fully implemented; use marker types for now
[INFO] [stdout]   --> /opt/rustwide/cargo-home/git/checkouts/uefi-rs-f0a06b7c1e31b7b0/f50215e/src/proto/media/fs.rs:14:10
[INFO] [stdout]    |
[INFO] [stdout] 14 | #[derive(Protocol)]
[INFO] [stdout]    |          ^^^^^^^^
[INFO] [stdout]    |
[INFO] [stdout]    = note: see issue #68318 <https://github.com/rust-lang/rust/issues/68318> for more information
[INFO] [stdout]    = help: add `#![feature(negative_impls)]` to the crate attributes to enable
[INFO] [stdout]    = note: this error originates in the derive macro `Protocol` (in Nightly builds, run with -Z macro-backtrace for more info)
[INFO] [stdout] 
[INFO] [stdout] 
[INFO] [stdout] error[E0658]: negative trait bounds are not yet fully implemented; use marker types for now
[INFO] [stdout]   --> /opt/rustwide/cargo-home/git/checkouts/uefi-rs-f0a06b7c1e31b7b0/f50215e/src/proto/console/gop.rs:38:10
[INFO] [stdout]    |
[INFO] [stdout] 38 | #[derive(Protocol)]
[INFO] [stdout]    |          ^^^^^^^^
[INFO] [stdout]    |
[INFO] [stdout]    = note: see issue #68318 <https://github.com/rust-lang/rust/issues/68318> for more information
[INFO] [stdout]    = help: add `#![feature(negative_impls)]` to the crate attributes to enable
[INFO] [stdout]    = note: this error originates in the derive macro `Protocol` (in Nightly builds, run with -Z macro-backtrace for more info)
[INFO] [stdout] 
[INFO] [stdout] 
[INFO] [stdout] error[E0658]: negative trait bounds are not yet fully implemented; use marker types for now
[INFO] [stdout]   --> /opt/rustwide/cargo-home/git/checkouts/uefi-rs-f0a06b7c1e31b7b0/f50215e/src/proto/console/pointer/mod.rs:10:10
[INFO] [stdout]    |
[INFO] [stdout] 10 | #[derive(Protocol)]
[INFO] [stdout]    |          ^^^^^^^^
[INFO] [stdout]    |
[INFO] [stdout]    = note: see issue #68318 <https://github.com/rust-lang/rust/issues/68318> for more information
[INFO] [stdout]    = help: add `#![feature(negative_impls)]` to the crate attributes to enable
[INFO] [stdout]    = note: this error originates in the derive macro `Protocol` (in Nightly builds, run with -Z macro-backtrace for more info)
[INFO] [stdout] 
[INFO] [stdout] 
[INFO] [stdout] error[E0658]: negative trait bounds are not yet fully implemented; use marker types for now
[INFO] [stdout]   --> /opt/rustwide/cargo-home/git/checkouts/uefi-rs-f0a06b7c1e31b7b0/f50215e/src/proto/console/serial.rs:16:10
[INFO] [stdout]    |
[INFO] [stdout] 16 | #[derive(Protocol)]
[INFO] [stdout]    |          ^^^^^^^^
[INFO] [stdout]    |
[INFO] [stdout]    = note: see issue #68318 <https://github.com/rust-lang/rust/issues/68318> for more information
[INFO] [stdout]    = help: add `#![feature(negative_impls)]` to the crate attributes to enable
[INFO] [stdout]    = note: this error originates in the derive macro `Protocol` (in Nightly builds, run with -Z macro-backtrace for more info)
[INFO] [stdout] 
[INFO] [stdout] 
[INFO] [stdout] error[E0658]: negative trait bounds are not yet fully implemented; use marker types for now
[INFO] [stdout]  --> /opt/rustwide/cargo-home/git/checkouts/uefi-rs-f0a06b7c1e31b7b0/f50215e/src/proto/console/text/input.rs:8:10
[INFO] [stdout]   |
[INFO] [stdout] 8 | #[derive(Protocol)]
[INFO] [stdout]   |          ^^^^^^^^
[INFO] [stdout]   |
[INFO] [stdout]   = note: see issue #68318 <https://github.com/rust-lang/rust/issues/68318> for more information
[INFO] [stdout]   = help: add `#![feature(negative_impls)]` to the crate attributes to enable
[INFO] [stdout]   = note: this error originates in the derive macro `Protocol` (in Nightly builds, run with -Z macro-backtrace for more info)
[INFO] [stdout] 
[INFO] [stdout] 
[INFO] [stdout] error[E0658]: negative trait bounds are not yet fully implemented; use marker types for now
[INFO] [stdout]   --> /opt/rustwide/cargo-home/git/checkouts/uefi-rs-f0a06b7c1e31b7b0/f50215e/src/proto/console/text/output.rs:12:10
[INFO] [stdout]    |
[INFO] [stdout] 12 | #[derive(Protocol)]
[INFO] [stdout]    |          ^^^^^^^^
[INFO] [stdout]    |
[INFO] [stdout]    = note: see issue #68318 <https://github.com/rust-lang/rust/issues/68318> for more information
[INFO] [stdout]    = help: add `#![feature(negative_impls)]` to the crate attributes to enable
[INFO] [stdout]    = note: this error originates in the derive macro `Protocol` (in Nightly builds, run with -Z macro-backtrace for more info)
[INFO] [stdout] 
[INFO] [stdout] 
[INFO] [stdout] error[E0658]: negative trait bounds are not yet fully implemented; use marker types for now
[INFO] [stdout]   --> /opt/rustwide/cargo-home/git/checkouts/uefi-rs-f0a06b7c1e31b7b0/f50215e/src/proto/debug/mod.rs:18:10
[INFO] [stdout]    |
[INFO] [stdout] 18 | #[derive(Protocol)]
[INFO] [stdout]    |          ^^^^^^^^
[INFO] [stdout]    |
[INFO] [stdout]    = note: see issue #68318 <https://github.com/rust-lang/rust/issues/68318> for more information
[INFO] [stdout]    = help: add `#![feature(negative_impls)]` to the crate attributes to enable
[INFO] [stdout]    = note: this error originates in the derive macro `Protocol` (in Nightly builds, run with -Z macro-backtrace for more info)
[INFO] [stdout] 
[INFO] [stdout] 
[INFO] [stdout] error[E0658]: negative trait bounds are not yet fully implemented; use marker types for now
[INFO] [stdout]   --> /opt/rustwide/cargo-home/git/checkouts/uefi-rs-f0a06b7c1e31b7b0/f50215e/src/proto/media/fs.rs:14:10
[INFO] [stdout]    |
[INFO] [stdout] 14 | #[derive(Protocol)]
[INFO] [stdout]    |          ^^^^^^^^
[INFO] [stdout]    |
[INFO] [stdout]    = note: see issue #68318 <https://github.com/rust-lang/rust/issues/68318> for more information
[INFO] [stdout]    = help: add `#![feature(negative_impls)]` to the crate attributes to enable
[INFO] [stdout]    = note: this error originates in the derive macro `Protocol` (in Nightly builds, run with -Z macro-backtrace for more info)
[INFO] [stdout] 
[INFO] [stdout] 
[INFO] [stdout] error[E0658]: use of unstable library feature 'try_trait_v2'
[INFO] [stdout]    --> /opt/rustwide/cargo-home/git/checkouts/uefi-rs-f0a06b7c1e31b7b0/f50215e/src/result/status.rs:174:6
[INFO] [stdout]     |
[INFO] [stdout] 174 | impl ops::Try for Status {
[INFO] [stdout]     |      ^^^^^^^^
[INFO] [stdout]     |
[INFO] [stdout]     = note: see issue #84277 <https://github.com/rust-lang/rust/issues/84277> for more information
[INFO] [stdout]     = help: add `#![feature(try_trait_v2)]` to the crate attributes to enable
[INFO] [stdout] 
[INFO] [stdout] 
[INFO] [stdout] error[E0635]: unknown feature `try_trait`
[INFO] [stdout]   --> /opt/rustwide/cargo-home/git/checkouts/uefi-rs-f0a06b7c1e31b7b0/f50215e/src/lib.rs:28:12
[INFO] [stdout]    |
[INFO] [stdout] 28 | #![feature(try_trait)]
[INFO] [stdout]    |            ^^^^^^^^^
[INFO] [stdout] 
[INFO] [stdout] 
[INFO] [stdout] error[E0220]: associated type `Error` not found for `Self`
[INFO] [stdout]    --> /opt/rustwide/cargo-home/git/checkouts/uefi-rs-f0a06b7c1e31b7b0/f50215e/src/result/status.rs:182:32
[INFO] [stdout]     |
[INFO] [stdout] 182 |     fn from_error(error: Self::Error) -> Self {
[INFO] [stdout]     |                                ^^^^^ associated type `Error` not found
[INFO] [stdout] 
[INFO] [stdout] 
[INFO] [stdout] error[E0220]: associated type `Ok` not found for `Self`
[INFO] [stdout]    --> /opt/rustwide/cargo-home/git/checkouts/uefi-rs-f0a06b7c1e31b7b0/f50215e/src/result/status.rs:186:26
[INFO] [stdout]     |
[INFO] [stdout] 186 |     fn from_ok(ok: Self::Ok) -> Self {
[INFO] [stdout]     |                          ^^ associated type `Ok` not found
[INFO] [stdout] 
[INFO] [stdout] 
[INFO] [stdout] error[E0658]: use of unstable library feature 'try_trait_v2'
[INFO] [stdout]    --> /opt/rustwide/cargo-home/git/checkouts/uefi-rs-f0a06b7c1e31b7b0/f50215e/src/result/status.rs:174:6
[INFO] [stdout]     |
[INFO] [stdout] 174 | impl ops::Try for Status {
[INFO] [stdout]     |      ^^^^^^^^
[INFO] [stdout]     |
[INFO] [stdout]     = note: see issue #84277 <https://github.com/rust-lang/rust/issues/84277> for more information
[INFO] [stdout]     = help: add `#![feature(try_trait_v2)]` to the crate attributes to enable
[INFO] [stdout] 
[INFO] [stdout] 
[INFO] [stdout] error[E0635]: unknown feature `try_trait`
[INFO] [stdout]   --> /opt/rustwide/cargo-home/git/checkouts/uefi-rs-f0a06b7c1e31b7b0/f50215e/src/lib.rs:28:12
[INFO] [stdout]    |
[INFO] [stdout] 28 | #![feature(try_trait)]
[INFO] [stdout]    |            ^^^^^^^^^
[INFO] [stdout] 
[INFO] [stdout] 
[INFO] [stdout] error[E0220]: associated type `Error` not found for `Self`
[INFO] [stdout]    --> /opt/rustwide/cargo-home/git/checkouts/uefi-rs-f0a06b7c1e31b7b0/f50215e/src/result/status.rs:182:32
[INFO] [stdout]     |
[INFO] [stdout] 182 |     fn from_error(error: Self::Error) -> Self {
[INFO] [stdout]     |                                ^^^^^ associated type `Error` not found
[INFO] [stdout] 
[INFO] [stdout] 
[INFO] [stdout] error[E0220]: associated type `Ok` not found for `Self`
[INFO] [stdout]    --> /opt/rustwide/cargo-home/git/checkouts/uefi-rs-f0a06b7c1e31b7b0/f50215e/src/result/status.rs:186:26
[INFO] [stdout]     |
[INFO] [stdout] 186 |     fn from_ok(ok: Self::Ok) -> Self {
[INFO] [stdout]     |                          ^^ associated type `Ok` not found
[INFO] [stdout] 
[INFO] [stdout] 
[INFO] [stdout] error: aborting due to 17 previous errors
[INFO] [stdout] 
[INFO] [stdout] 
[INFO] [stdout] Some errors have detailed explanations: E0220, E0407, E0437, E0557, E0635, E0658.
[INFO] [stdout] 
[INFO] [stdout] For more information about an error, try `rustc --explain E0220`.
[INFO] [stdout] 
[INFO] [stdout] error: aborting due to 17 previous errors
[INFO] [stdout] 
[INFO] [stdout] 
[INFO] [stdout] Some errors have detailed explanations: E0220, E0407, E0437, E0557, E0635, E0658.
[INFO] [stdout] 
[INFO] [stdout] For more information about an error, try `rustc --explain E0220`.
[INFO] [stdout] 
[INFO] [stderr] error: could not compile `uefi` (lib) due to 18 previous errors
[INFO] [stderr] warning: build failed, waiting for other jobs to finish...
[INFO] [stderr] error: could not compile `uefi` (lib) due to 18 previous errors
[INFO] running `Command { std: "docker" "inspect" "53629fdee13a80a9faee46c65114a685b218bf8e61ea4be875d5c02e14a68a80", kill_on_drop: false }`
[INFO] running `Command { std: "docker" "rm" "-f" "53629fdee13a80a9faee46c65114a685b218bf8e61ea4be875d5c02e14a68a80", kill_on_drop: false }`
[INFO] [stdout] 53629fdee13a80a9faee46c65114a685b218bf8e61ea4be875d5c02e14a68a80
